se 6.
30512554
234db5 (base 15) to base 9
3151378
Convert -12231121011 (base 4) to base 6.
-101410313
611c (base 13) to base 5
412001
What is 1011001101101000010010 (base 2) in base 9?
5470101
What is 248780 (base 15) in base 2?
110101011001110111001
What is dc362 (base 16) in base 14?
1969d8
Convert -13875 (base 13) to base 6.
-441240
Convert 9c2c58 (base 13) to base 3.
20221111220200
-1114276 (base 8) to base 7
-2363161
What is -110110010100101110 (base 2) in base 9?
-368203
What is 40179 (base 15) in base 7?
1503240
-4286083 (base 9) to base 12
-92b593
What is -865b21 (base 15) in base 5?
-3114220011
-73354 (base 13) to base 8
-624366
What is 21001001122 (base 3) in base 8?
416472
What is 121012011010101 (base 3) in base 15?
b4e71d
What is -222122022211100 (base 3) in base 12?
-48a9700
What is -71372 (base 8) in base 15?
-8ac4
425221 (base 7) to base 12
368aa
Convert -1001101020011 (base 3) to base 2.
-10001000010111110100
What is -93db79 (base 14) in base 11?
-2900846
-1126253 (base 7) to base 4
-202202030
What is -1a785b (base 12) in base 10?
-469511
Convert -60787 (base 10) to base 14.
-1821d
Convert -30233330 (base 4) to base 13.
-1a9cc
17346547 (base 8) to base 3
21121202221100
What is a5bac9 (base 13) in base 14?
7308c5
Convert -1422311 (base 5) to base 12.
-15236
What is 631403 (base 7) in base 13?
3a56b
-23222121000 (base 4) to base 12
-1035280
What is -1100111100010101001001 (base 2) in base 16?
-33c549
Convert -21011122011 (base 3) to base 16.
-22768
1111011000111000 (base 2) to base 14
18d84
133141131 (base 5) to base 15
d5bcb
What is 303581 (base 10) in base 2?
1001010000111011101
Convert -128741 (base 9) to base 16.
-1330f
What is 573b4 (base 13) in base 3?
22001212220
What is -200201202010 (base 3) in base 16?
-5a030
What is -a13854 (base 11) in base 3?
-10001211011201
Convert 14851 (base 14) to base 16.
c757
What is -33340120 (base 5) in base 7?
-2330460
What is 1100001010010000110 (base 2) in base 16?
61486
What is -218486 (base 13) in base 7?
-6465530
Convert -379406 (base 11) to base 4.
-2102001131
11001110110100100010 (base 2) to base 16
ced22
What is 1045041 (base 7) in base 16?
1f7e5
-1210012220110 (base 3) to base 6
-32201533
66d43 (base 15) to base 13
b5aac
What is -102111021102220 (base 3) in base 7?
-102624054
What is 241c21 (base 16) in base 6?
122420001
101121220100000 (base 3) to base 16
562ae5
What is 228135 (base 9) in base 13?
4a582
What is -142595 (base 10) in base 3?
-21020121022
-34054101 (base 6) to base 8
-3743125
-2030233 (base 6) to base 12
-48379
What is 15422223 (base 7) in base 15?
1e4d49
bc33c (base 13) to base 2
1010011010001100101
-9597a30 (base 11) to base 10
-16891633
What is 4613110 (base 7) in base 6?
20153404
Convert -189118a (base 11) to base 16.
-30b9c8
What is 4892 (base 11) in base 6?
45333
What is 147095 (base 13) in base 10?
501038
2262ab (base 12) to base 11
346190
Convert -2631222 (base 7) to base 13.
-c0642
What is 5d6029 (base 16) in base 7?
103005002
What is 110011010110011001 (base 2) in base 11?
134029
What is -118515 (base 16) in base 7?
-12521316
What is 18ead (base 15) in base 5?
10042223
Convert -1aba3a (base 13) to base 3.
-1021200122020
Convert -47ffb (base 16) to base 13.
-a4302
Convert 4fc5e (base 16) to base 13.
b5958
ac6358 (base 15) to base 14
1140642
-13355272 (base 8) to base 16
-2ddaba
What is 6ffde (base 16) in base 4?
1233333132
Convert c3127 (base 14) to base 5.
110010310
Convert aa101 (base 14) to base 4.
1210202111
5d2ca (base 14) to base 13
7cc03
What is 4132003 (base 5) in base 7?
401350
Convert -10303300301 (base 4) to base 13.
-351a19
Convert -525534405 (base 6) to base 12.
-3114405
What is -22000212002 (base 3) in base 5?
-20024322
Convert 53341100 (base 6) to base 4.
11332322130
What is 63d83c (base 14) in base 6?
200233434
1cd38 (base 16) to base 3
12222222001
Convert 11022002200012 (base 3) to base 16.
22de79
Convert -2111132200 (base 4) to base 6.
-21042304
-2476426 (base 8) to base 16
-a7d16
-1111110101110011 (base 2) to base 4
-33311303
-8aeaa0 (base 16) to base 4
-202232222200
-2124434 (base 6) to base 5
-11322320
-2031223102 (base 4) to base 3
-1002111000211
3230320132 (base 4) to base 5
222022040
1b438c (base 13) to base 2
10101001101001011011
What is -5a09b (base 16) in base 11?
-232099
What is 211012220212122 (base 3) in base 16?
b42dfb
What is 2051076 (base 9) in base 16?
10bb25
Convert -21c9a4 (base 13) to base 11.
-4a6475
Convert 1341521 (base 11) to base 10.
2315237
What is -6524420 (base 7) in base 6?
-25022345
241444 (base 7) to base 8
125415
Convert -100121200000 (base 3) to base 13.
-68214
Convert 44420212 (base 6) to base 5.
320341034
What is 12320241 (base 5) in base 14?
31a87
Convert 153109 (base 12) to base 3.
200011212200
b23a9a (base 12) to base 8
12500126
94b58 (base 16) to base 9
1127481
What is -51c2a5 (base 13) in base 3?
-10121010120202
-12a2c80 (base 14) to base 5
-4300403141
What is -357499 (base 14) in base 8?
-6755617
Convert -23102040 (base 5) to base 13.
-73002
-202100220001211 (base 3) to base 13
-231c65b
Convert 6882159 (base 10) to base 11.
3980739
-627878 (base 10) to base 5
-130043003
-1408525 (base 9) to base 11
-489493
Convert 26463522 (base 7) to base 3.
11120202102200
91327 (base 10) to base 2
10110010010111111
What is 10dfa (base 16) in base 8?
206772
-110001110111001111011 (base 2) to base 12
-669677
What is -644d3 (base 15) in base 3?
-121011200200
Convert 6498350 (base 10) to base 13.
1466aa1
-1044024141 (base 5) to base 13
-637669
-2125102 (base 7) to base 4
-333021301
-4d399 (base 14) to base 5
-22040214
757654 (base 9) to base 8
1562312
4c6e9 (base 15) to base 8
735531
What is -10107355 (base 8) in base 3?
-11000101221110
2377321 (base 8) to base 15
ce157
Convert -2180aa2 (base 14) to base 15.
-15e2ebb
-1b035 (base 14) to base 2
-10000110000100111
What is -1176535 (base 11) in base 4?
-13302331100
Convert -45444123 (base 6) to base 8.
-5233223
What is 302231303321 (base 4) in base 6?
1152542105
34314550 (base 6) to base 10
1052130
Convert 1200120211 (base 3) to base 14.
c17a
What is -259620c (base 13) in base 6?
-1100300040
4590775 (base 11) to base 7
125130106
Convert 10010000110101001110110 (base 2) to base 8.
22065166
What is -355782 (base 10) in base 12?
-151a86
-110011100111001101 (base 2) to base 10
-211405
What is 152318 (base 15) in base 12?
4122b8
What is 221936 (base 12) in base 9?
1015676
Convert -442442 (base 12) to base 2.
-100001000001111110010
Convert 605925 (base 11) to base 13.
2814a0
What is 1122322211 (base 4) in base 13?
100664
-5d328d (base 16) to base 14
-b4dc29
-11101002220022 (base 3) to base 7
-25521401
Convert eed6b (base 16) to base 14.
1b6735
Convert -825387 (base 12) to base 6.
-111430251
Convert 3ec21 (base 16) to base 10.
257057
Convert -15411417 (base 8) to base 11.
-2000588
Convert -6406032 (base 7) to base 16.
-bd423
65a8d (base 14) to base 2
111100001000011101
What is -4a190a9 (base 11) in base 6?
-510550313
-302221123 (base 5) to base 16
-1279a4
What is 571724 (base 11) in base 12?
37a70a
What is 50083 (base 15) in base 12?
102680
What is 1845007 (base 9) in base 13?
2a2698
Convert 3b642 (base 13) to base 7.
641243
What is -31266413 (base 7) in base 6?
-132315322
Convert 110000100101010 (base 2) to base 5.
1243444
-1a8c09 (base 14) to base 3
-1210002002001
1101000110100000 (base 2) to base 13
1b570
What is 12195d1 (base 14) in base 3?
121022110021002
What is -334882 (base 14) in base 11?
-a8a361
What is a265 (base 11) in base 2?
11010100110111
72333 (base 9) to base 3
2102101010
Convert 101503 (base 9) to base 12.
2a9b6
b75428 (base 12) to base 13
7a31a1
5d74b (base 14) to base 8
677507
b87511 (base 12) to base 16
2c7e1d
What is 5c7ba (base 14) in base 10?
226544
What is -3dd08 (base 16) in base 15?
-50047
What is 131111123 (base 4) in base 11?
82302
Convert 7ba842 (base 12) to base 13.
548090
What is -10111101001110000100 (base 2) in base 15?
-104999
1111121220201 (base 3) to base 4
3003032203
100100110110110 (base 2) to base 7
106005
Convert 11304352 (base 7) to base 9.
1773331
What is 2275a4 (base 15) in base 6?
55131144
Convert -242113 (base 5) to base 11.
-6872
What is -10112111110020 (base 3) in base 11?
-1074271
4a787 (base 11) to base 6
1321040
Convert -133